 n - 2*v + 3. List the prime factors of (-12 - 21)*n*1.
3, 11
What are the prime factors of 13446/(-12)*(-2)/3 + 3?
2, 3, 5
Suppose 2*a + 3*n - 5478 = -1117, -2184 = -a + 2*n. List the prime factors of a.
2, 1091
Let b(f) = f + 10. Let t be b(-8). Let m = t + 0. List the prime factors of m + 6 + (1 - 3).
2, 3
Suppose 5*o + 0*o + 15 = 0. Let h = o + 1. List the prime factors of (-1)/h*(-6 - -42).
2, 3
Let q = -51 - -47. List the prime factors of q/12 + (0 - 588/(-9)).
5, 13
Let k = 46 + -22. Suppose 0 = 3*s - 354 + k. List the prime factors of s.
2, 5, 11
Let a(i) = -4*i + 7. Let v be a(-5). Suppose 5*p + 3*f - 9 = -3, 3*f = -3*p + 6. Suppose p = -4*m + 89 + v. What are the prime factors of m?
29
Suppose 0 = -3*u + 5*u + 942. Let l = u - -806. What are the prime factors of l?
5, 67
List the prime factors of (-8)/(7 + -5) - (-1 - 1879).
2, 7, 67
Let z be 531/(-6) + ((-12)/8 - -2). Let u be ((-27)/12)/(3/(-8)). What are the prime factors of (z/12)/((-1)/u)?
2, 11
Suppose 4*d - 4*x + 104 = 0, -5*x = d - 5*d - 100. What are the prime factors of (1/(-5) - (-2814)/d)/(-1)?
2, 47
Let d = 359 - 193. Let g = -68 + d. What are the prime factors of g?
2, 7
Suppose 0 = 2*q + 5*t - 2329, -2148 - 2515 = -4*q - 5*t. What are the prime factors of q?
3, 389
Suppose -g - 377 = -4*l, -2*l + 0*l - 2*g = -196. Suppose l = 5*u - 160. What are the prime factors of u?
3, 17
List the prime factors of 10/8 - 86535/(-20) - 3.
5, 173
Suppose -5*h - 9 = 5*d - 4, 2*d - 2*h = 14. Let u(t) = 2*t**2 + t - 2. Let y be u(3). Let b = y + d. List the prime factors of b.
2, 11
Suppose 0 = -4*m + 2*l + 400, -300 = -3*m + 9*l - 12*l. What are the prime factors of m?
2, 5
Let g(k) be the second derivative of k**3/2 - 7*k**2 - 10*k. What are the prime factors of g(9)?
13
Let n(q) be the third derivative of q**5/30 - q**4/2 + 11*q**3/6 + 32*q**2. What are the prime factors of n(8)?
43
Suppose 3*t + 33 = 477. Suppose 0*k + t = 4*k. Suppose -g - 2*g - n + 63 = 0, 0 = -g + 5*n + k. List the prime factors of g.
2, 11
Let p = 768 + -31. What are the prime factors of p?
11, 67
Suppose 4*h - 8 = 8. What are the prime factors of ((-2)/((-2)/3))/(h/100)?
3, 5
Suppose n + 5*l = -21, 18 = 2*n - l - l. Let d(m) = n*m - 10*m + 30*m. List the prime factors of d(1).
2, 3
Suppose -3*x - 39 = -5*g, 2*x - 5*g + 7 = 3*x. Let o(m) = 2*m - 2. Let i be o(x). Let n = i - -38. What are the prime factors of n?
2, 5
Let h(s) = -s**2 + 13*s - 16. Let x(b) = -b - 1. Let k(d) = h(d) - x(d). Let r be k(10). Suppose -2*t - r + 115 = 0. What are the prime factors of t?
3, 5
Let z = 9 + 1. Suppose -5*y + z = 0, 35 + 27 = -2*o - 3*y. Let t = o - -59. List the prime factors of t.
5
Suppose -2*z - 6*l + 23 = -3*l, 0 = 5*z - 4*l. List the prime factors of (17/z)/(3/36).
3, 17
Let y be (-2)/5 + 744/10. Suppose 2*j = z + 88 + y, 4*j + 5*z = 352. Let f = j - 44. What are the prime factors of f?
3, 13
Suppose 6106 = 3*s + 2125. List the prime factors of s.
1327
Let v = 246 + -204. Suppose 3*m - 4 = 11, 2*t = 3*m - 11. Suppose u = t*z - v, -2*z + 17 = 2*u - 19. List the prime factors of z.
2, 5
Suppose 4*m = -s + 2643, 3*m - 1027 = s + 950. List the prime factors of m.
2, 3, 5, 11
List the prime factors of 78559/104 + (10/16 - 1).
5, 151
What are the prime factors of (14 - 15)/(2/(-1178))?
19, 31
Suppose -2*y - 2*f + 834 = 0, 7*f - 423 = -y + 3*f. List the prime factors of y.
5, 83
Suppose 0 = 5*d + 25, 0 = -0*x - 5*x + 4*d + 40. Let b = 64 - 53. Suppose 85 = x*v - b. What are the prime factors of v?
2, 3
Let v be (-3)/4*-4 - 3. Suppose v = -6*f + 602 - 242. Suppose -3*y + n + 4*n + 94 = 0, -2*y + 4*n = -f. List the prime factors of y.
2, 19
Suppose -5*z + 584 = 3*y, 5*z = -4*y + 328 + 259. Suppose -z = -3*c + n, -c + 13 = -n - 22. What are the prime factors of (c/25)/(3/60)?
2
Suppose 56 = 4*m + 5*j, -4*j = 3*m - 5*j - 61. Let u = m + 0. List the prime factors of u.
19
Let t = 9 - -100. Suppose -t + 197 = 2*j. List the prime factors of j.
2, 11
Suppose -b - 90*k = -91*k - 2316, -k + 9274 = 4*b. What are the prime factors of b?
2, 19, 61
Suppose -2*g + 13*b = 17*b - 794, 4*g + 3*b - 1573 = 0. List the prime factors of g.
17, 23
Suppose -4*r = -2*j - 6768, 0 = -4*r + 9*j - 6*j + 6772. List the prime factors of r.
2, 5, 13
Suppose 4*f - 353 = 14131. What are the prime factors of f?
3, 17, 71
Let u(b) = b**3 + 0*b**3 + 34 - b**2 + 76. List the prime factors of u(0).
2, 5, 11
Let d(m) = m**3 + m**2 + m + 1. Let w be d(-1). Suppose w + 54 = 3*r. List the prime factors of r.
2, 3
Let c(u) = u**2 + 7*u - 3. Let l be 1/1 - (10 - 12). Suppose -11 = -l*y - 38. What are the prime factors of c(y)?
3, 5
Let s(i) = -2*i**2 + 41*i - 1. What are the prime factors of s(9)?
2, 103
Let w be 788/10 - 6/(-30). Let f = -113 + w. List the prime factors of (-1)/2*(f - -6).
2, 7
Let g(m) = m**2 - 12*m - 19. Let j be (34/(-6))/(3/(-27)). Let p = j + -34. What are the prime factors of g(p)?
2, 3, 11
Let g = 183 - 35. What are the prime factors of g?
2, 37
Let o(q) = q**2 + 4*q + 6. Let z be o(-5). Let f = z + 31. List the prime factors of f.
2, 3, 7
Suppose -3*g + 4*k = 2*g - 18, -15 = -5*g + 5*k. Let o be 20/16*(g - 2). Suppose w = 4, d - 3*w - 40 = -o*w. What are the prime factors of d?
2
What are the prime factors of 221 - ((2 - 4) + 1 + 2)?
2, 5, 11
Suppose -4*y - 2*c + 22 = 0, -y + 7*c = 2*c - 11. Suppose -2*b - y - 12 = 0. What are the prime factors of b/6*(-158)/3?
79
Let o(p) = -p + 1. Let q be o(-4). Suppose m = 2*f + 3 - 2, q*f = 10. Suppose 30 = 2*r - 4*n, m*r - 4*n + 0*n - 93 = 0. What are the prime factors of r?
3, 7
Let t(r) = r**2 + 15*r - 33. Let o be t(-18). Let y(f) = f + 1. Let p be y(-5). Let i = p + o. List the prime factors of i.
17
Let c(h) = -h**3 - 16*h**2 + 6*h + 32. Let s be c(-16). Let g = s + 155. List the prime factors of g.
7, 13
Let b(m) = 9*m**2 + 6. Let p be b(4). Suppose p = 3*t + 4*w, 141 = 4*t - t + w. List the prime factors of t.
2, 23
Let d = -1357 - -3705. List the prime factors of d.
2, 587
Suppose -q = -4*q - 6. Let n be q*(-1)/(-2) - 7. Let a(i) = -2*i + 7. What are the prime factors of a(n)?
23
Suppose -5*h + 5459 = -r, 3*h - 2791 - 480 = 5*r. What are the prime factors of h?
2, 3, 7, 13
Let w = 26 + -22. Suppose -4*x - 366 = 3*g + 2*g, w*x = g - 378. Let i = x - -143. List the prime factors of i.
7
Suppose 3*a - 5*g - 1132 = 9, -5*a = -5*g - 1885. What are the prime factors of a?
2, 3, 31
Let b(f) = f**3 + 2*f**2 - 3*f + 19. Let x(p) = 2*p**3 + 3*p**2 - 5*p + 37. Let q(k) = -9*b(k) + 4*x(k). What are the prime factors of q(-8)?
7
Let h(r) = -3*r**2 - 12*r + 25. Let l(o) = -7*o**2 - 23*o + 50. Let y(c) = -9*h(c) + 4*l(c). What are the prime factors of y(11)?
2, 3, 5
Let t be (0 + 2)/((-1)/119*-1). Suppose 3*h - f - t = -h, 0 = f - 2. What are the prime factors of h?
2, 3, 5
Let h = -74 + 80. Let b = 7 - 2. Suppose -b*y = -m, h*y = 2*y + 4. List the prime factors of m.
5
Suppose -5*a + 4 = -a. Let s = -5 + a. Let x(c) = c**2 + 12. List the prime factors of x(s).
2, 7
Let n(u) = u**3 - u**2 - u + 2. Let k be n(2). Suppose -5*z + 36 = -v, 0 = z + 2*v - 1 - k. What are the prime factors of 427/z + (1 - 4)?
2, 29
Let g = -4642 - -7032. List the prime factors of g.
2, 5, 239
Suppose -3*d - a = -4, -2*d - 23 = -4*a - 7. Let y(p) = 3*p - 4. Let w be y(-3). List the prime factors of 1 - (-2 - d) - w.
2
Let g be 90/(-21) + (-2)/(-7). Let p be 12/10*10/g. List the prime factors of (-15)/((p - 1)/4).
3, 5
Let i(f) = 2*f**2 - 8. Let m be i(-8). Let c = -81 + m. List the prime factors of c.
3, 13
Let a be (5/4)/((-4)/(-16)). Suppose a*w + 125 = 4*k + 52, -k + 12 = 5*w. Suppose -4*o = -7 - k. List the prime factors of o.
2, 3
Let p be (20/(-15))/(-1)*3. Suppose 2*a - 4*g = 100, 254 = p*a - 2*g + 84. List the prime factors of a.
2, 5
Suppose 2292 = -5*u + 9327. What are the prime factors of u?
3, 7, 67
Let l(g) = -g**3 + 28*g**2 - 19*g + 13. What are the prime factors of l(26)?
13, 67
Suppose 5 - 14 = 3*f, -2*h - f + 1315 = 0. List the prime factors of h.
659
Let n(r) = 51*r**2 + 13*r + 96. What are the prime factors of n(-9)?
2, 3, 5, 137
Let z be (1/(8/12))/(3/(-8)). List the prime factors of 1/((2/24)/((-29)/z)).
3, 29
Suppose -4*h + 35 = 3*o, 3*h = 4*o + h - 10. Suppose 339 - 111 = o*d + 3*a, -a = -d + 52. List the pr